{"id":233,"date":"2025-06-13T21:15:22","date_gmt":"2025-06-13T21:15:22","guid":{"rendered":"https:\/\/kidszone503.com\/?post_type=product&#038;p=233"},"modified":"2025-06-23T22:40:02","modified_gmt":"2025-06-23T22:40:02","slug":"deslizadero-infantil-con-canasta-modelo-gato-azul-colores-amarillo-o-beige","status":"publish","type":"product","link":"https:\/\/kidszone503.com\/index.php\/producto\/deslizadero-infantil-con-canasta-modelo-gato-azul-colores-amarillo-o-beige\/","title":{"rendered":"Deslizadero Infantil con Canasta"},"content":{"rendered":"<p data-start=\"258\" data-end=\"449\">Haz que cada d\u00eda sea una aventura para tu peque con este <strong data-start=\"315\" data-end=\"359\">deslizadero infantil de dise\u00f1o animalito<\/strong>, ideal para uso en interiores o exteriores. Disponible en dos combinaciones de colores:<\/p>\n<ul data-start=\"450\" data-end=\"537\">\n<li data-start=\"450\" data-end=\"497\">\n<p data-start=\"452\" data-end=\"497\">Azul con <strong data-start=\"461\" data-end=\"494\">resbaladera amarilla vibrante<\/strong>.<\/p>\n<\/li>\n<li data-start=\"498\" data-end=\"537\">\n<p data-start=\"500\" data-end=\"537\">Azul con <strong data-start=\"509\" data-end=\"536\">resbaladera beige suave<\/strong>.<\/p>\n<\/li>\n<li data-start=\"498\" data-end=\"537\">\n<p data-start=\"500\" data-end=\"537\">Rosado con <strong data-start=\"509\" data-end=\"536\">resbaladera morada<\/strong>.<\/p>\n<\/li>\n<\/ul>\n<p data-start=\"539\" data-end=\"762\">Su estructura estable y segura est\u00e1 fabricada en pl\u00e1stico grueso, resistente y libre de bordes filosos. Incluye una <strong data-start=\"655\" data-end=\"682\">peque\u00f1a canasta lateral<\/strong> para lanzar pelotitas y sumar diversi\u00f3n mientras mejora la coordinaci\u00f3n motriz.<\/p>\n<p data-start=\"764\" data-end=\"945\">Con pelda\u00f1os antideslizantes, base ancha y altura ideal para ni\u00f1os de 1 a 5 a\u00f1os. Es f\u00e1cil de armar, limpiar y mover. Perfecto para mantener a los peques activos, felices y seguros.<\/p>\n","protected":false},"excerpt":{"rendered":"<p>Deslizadero con dise\u00f1o de gato y canasta lateral. \u00a1Diversi\u00f3n segura y colorida para los m\u00e1s peque\u00f1os!<\/p>\n","protected":false},"featured_media":115,"comment_status":"open","ping_status":"closed","template":"","meta":{"site-sidebar-layout":"default","site-content-layout":"","ast-site-content-layout":"default","site-content-style":"default","site-sidebar-style":"default","ast-global-header-display":"","ast-banner-title-visibility":"","ast-main-header-display":"","ast-hfb-above-header-display":"","ast-hfb-below-header-display":"","ast-hfb-mobile-header-display":"","site-post-title":"","ast-breadcrumbs-content":"","ast-featured-img":"","footer-sml-layout":"","theme-transparent-header-meta":"default","adv-header-id-meta":"","stick-header-meta":"","header-above-stick-meta":"","header-main-stick-meta":"","header-below-stick-meta":"","astra-migrate-meta-layouts":"set","ast-page-background-enabled":"default","ast-page-background-meta":{"desktop":{"background-color":"var(--ast-global-color-5)","background-image":"","background-repeat":"repeat","background-position":"center center","background-size":"auto","background-attachment":"scroll","background-type":"","background-media":"","overlay-type":"","overlay-color":"","overlay-opacity":"","overlay-gradient":""},"tablet":{"background-color":"","background-image":"","background-repeat":"repeat","background-position":"center center","background-size":"auto","background-attachment":"scroll","background-type":"","background-media":"","overlay-type":"","overlay-color":"","overlay-opacity":"","overlay-gradient":""},"mobile":{"background-color":"","background-image":"","background-repeat":"repeat","background-position":"center center","background-size":"auto","background-attachment":"scroll","background-type":"","background-media":"","overlay-type":"","overlay-color":"","overlay-opacity":"","overlay-gradient":""}},"ast-content-background-meta":{"desktop":{"background-color":"var(--ast-global-color-4)","background-image":"","background-repeat":"repeat","background-position":"center center","background-size":"auto","background-attachment":"scroll","background-type":"","background-media":"","overlay-type":"","overlay-color":"","overlay-opacity":"","overlay-gradient":""},"tablet":{"background-color":"var(--ast-global-color-4)","background-image":"","background-repeat":"repeat","background-position":"center center","background-size":"auto","background-attachment":"scroll","background-type":"","background-media":"","overlay-type":"","overlay-color":"","overlay-opacity":"","overlay-gradient":""},"mobile":{"background-color":"var(--ast-global-color-4)","background-image":"","background-repeat":"repeat","background-position":"center center","background-size":"auto","background-attachment":"scroll","background-type":"","background-media":"","overlay-type":"","overlay-color":"","overlay-opacity":"","overlay-gradient":""}}},"product_brand":[],"product_cat":[15,28],"product_tag":[],"class_list":{"0":"post-233","1":"product","2":"type-product","3":"status-publish","4":"has-post-thumbnail","6":"product_cat-todos-los-productos","7":"product_cat-juguetes","8":"desktop-align-left","9":"tablet-align-left","10":"mobile-align-left","12":"first","13":"instock","14":"shipping-taxable","15":"purchasable","16":"product-type-variable"},"_links":{"self":[{"href":"https:\/\/kidszone503.com\/index.php\/wp-json\/wp\/v2\/product\/233","targetHints":{"allow":["GET"]}}],"collection":[{"href":"https:\/\/kidszone503.com\/index.php\/wp-json\/wp\/v2\/product"}],"about":[{"href":"https:\/\/kidszone503.com\/index.php\/wp-json\/wp\/v2\/types\/product"}],"replies":[{"embeddable":true,"href":"https:\/\/kidszone503.com\/index.php\/wp-json\/wp\/v2\/comments?post=233"}],"wp:featuredmedia":[{"embeddable":true,"href":"https:\/\/kidszone503.com\/index.php\/wp-json\/wp\/v2\/media\/115"}],"wp:attachment":[{"href":"https:\/\/kidszone503.com\/index.php\/wp-json\/wp\/v2\/media?parent=233"}],"wp:term":[{"taxonomy":"product_brand","embeddable":true,"href":"https:\/\/kidszone503.com\/index.php\/wp-json\/wp\/v2\/product_brand?post=233"},{"taxonomy":"product_cat","embeddable":true,"href":"https:\/\/kidszone503.com\/index.php\/wp-json\/wp\/v2\/product_cat?post=233"},{"taxonomy":"product_tag","embeddable":true,"href":"https:\/\/kidszone503.com\/index.php\/wp-json\/wp\/v2\/product_tag?post=233"}],"curies":[{"name":"wp","href":"https:\/\/api.w.org\/{rel}","templated":true}]}}