{"id":207,"date":"2025-06-13T20:13:31","date_gmt":"2025-06-13T20:13:31","guid":{"rendered":"https:\/\/kidszone503.com\/?post_type=product&#038;p=207"},"modified":"2025-06-13T20:13:31","modified_gmt":"2025-06-13T20:13:31","slug":"coche-paraguas-ultraliviano-con-toldo-disenos-marino-unicornio-y-dino","status":"publish","type":"product","link":"https:\/\/kidszone503.com\/index.php\/producto\/coche-paraguas-ultraliviano-con-toldo-disenos-marino-unicornio-y-dino\/","title":{"rendered":"Coche Paraguas Ultraliviano con Toldo \u2013 Dise\u00f1os Marino, Unicornio y Dino"},"content":{"rendered":"<p data-start=\"270\" data-end=\"539\">Haz los paseos m\u00e1s pr\u00e1cticos y divertidos con nuestro <strong data-start=\"324\" data-end=\"355\">coche paraguas ultraliviano<\/strong>, ideal para beb\u00e9s a partir de los 6 meses. Su dise\u00f1o compacto y plegable te permite llevarlo f\u00e1cilmente a cualquier parte: perfecto para viajes, centros comerciales o salidas r\u00e1pidas.<\/p>\n<p data-start=\"541\" data-end=\"581\">Disponible en tres dise\u00f1os encantadores:<\/p>\n<ul data-start=\"582\" data-end=\"735\">\n<li data-start=\"582\" data-end=\"629\">\n<p data-start=\"584\" data-end=\"629\"><strong data-start=\"584\" data-end=\"606\">Dise\u00f1o Marino Azul<\/strong> con peces y corales.<\/p>\n<\/li>\n<li data-start=\"630\" data-end=\"684\">\n<p data-start=\"632\" data-end=\"684\"><strong data-start=\"632\" data-end=\"659\">Dise\u00f1o Unicornio Rosado<\/strong> con arco\u00edris y dulces.<\/p>\n<\/li>\n<li data-start=\"685\" data-end=\"735\">\n<p data-start=\"687\" data-end=\"735\"><strong data-start=\"687\" data-end=\"708\">Dise\u00f1o Dino Negro<\/strong> con coloridos dinosaurios.<\/p>\n<\/li>\n<\/ul>\n<p data-start=\"737\" data-end=\"1004\">Incluye <strong data-start=\"745\" data-end=\"764\">toldo protector<\/strong> para el sol, cintur\u00f3n de seguridad, estructura met\u00e1lica resistente y ruedas dobles con freno trasero. Su sistema tipo paraguas permite <strong data-start=\"900\" data-end=\"924\">plegarlo en segundos<\/strong>, ocupando muy poco espacio. \u00a1Una excelente opci\u00f3n ligera, pr\u00e1ctica y accesible!<\/p>\n","protected":false},"excerpt":{"rendered":"<p>Coche paraguas liviano, plegable y con dise\u00f1os divertidos. \u00a1Ideal para salidas r\u00e1pidas con tu peque!<\/p>\n","protected":false},"featured_media":208,"comment_status":"open","ping_status":"closed","template":"","meta":{"site-sidebar-layout":"default","site-content-layout":"","ast-site-content-layout":"default","site-content-style":"default","site-sidebar-style":"default","ast-global-header-display":"","ast-banner-title-visibility":"","ast-main-header-display":"","ast-hfb-above-header-display":"","ast-hfb-below-header-display":"","ast-hfb-mobile-header-display":"","site-post-title":"","ast-breadcrumbs-content":"","ast-featured-img":"","footer-sml-layout":"","theme-transparent-header-meta":"default","adv-header-id-meta":"","stick-header-meta":"","header-above-stick-meta":"","header-main-stick-meta":"","header-below-stick-meta":"","astra-migrate-meta-layouts":"set","ast-page-background-enabled":"default","ast-page-background-meta":{"desktop":{"background-color":"var(--ast-global-color-5)","background-image":"","background-repeat":"repeat","background-position":"center center","background-size":"auto","background-attachment":"scroll","background-type":"","background-media":"","overlay-type":"","overlay-color":"","overlay-opacity":"","overlay-gradient":""},"tablet":{"background-color":"","background-image":"","background-repeat":"repeat","background-position":"center center","background-size":"auto","background-attachment":"scroll","background-type":"","background-media":"","overlay-type":"","overlay-color":"","overlay-opacity":"","overlay-gradient":""},"mobile":{"background-color":"","background-image":"","background-repeat":"repeat","background-position":"center center","background-size":"auto","background-attachment":"scroll","background-type":"","background-media":"","overlay-type":"","overlay-color":"","overlay-opacity":"","overlay-gradient":""}},"ast-content-background-meta":{"desktop":{"background-color":"var(--ast-global-color-4)","background-image":"","background-repeat":"repeat","background-position":"center center","background-size":"auto","background-attachment":"scroll","background-type":"","background-media":"","overlay-type":"","overlay-color":"","overlay-opacity":"","overlay-gradient":""},"tablet":{"background-color":"var(--ast-global-color-4)","background-image":"","background-repeat":"repeat","background-position":"center center","background-size":"auto","background-attachment":"scroll","background-type":"","background-media":"","overlay-type":"","overlay-color":"","overlay-opacity":"","overlay-gradient":""},"mobile":{"background-color":"var(--ast-global-color-4)","background-image":"","background-repeat":"repeat","background-position":"center center","background-size":"auto","background-attachment":"scroll","background-type":"","background-media":"","overlay-type":"","overlay-color":"","overlay-opacity":"","overlay-gradient":""}}},"product_brand":[],"product_cat":[15,16],"product_tag":[],"class_list":{"0":"post-207","1":"product","2":"type-product","3":"status-publish","4":"has-post-thumbnail","6":"product_cat-todos-los-productos","7":"product_cat-coches","8":"desktop-align-left","9":"tablet-align-left","10":"mobile-align-left","12":"first","13":"instock","14":"shipping-taxable","15":"purchasable","16":"product-type-simple"},"_links":{"self":[{"href":"https:\/\/kidszone503.com\/index.php\/wp-json\/wp\/v2\/product\/207","targetHints":{"allow":["GET"]}}],"collection":[{"href":"https:\/\/kidszone503.com\/index.php\/wp-json\/wp\/v2\/product"}],"about":[{"href":"https:\/\/kidszone503.com\/index.php\/wp-json\/wp\/v2\/types\/product"}],"replies":[{"embeddable":true,"href":"https:\/\/kidszone503.com\/index.php\/wp-json\/wp\/v2\/comments?post=207"}],"wp:featuredmedia":[{"embeddable":true,"href":"https:\/\/kidszone503.com\/index.php\/wp-json\/wp\/v2\/media\/208"}],"wp:attachment":[{"href":"https:\/\/kidszone503.com\/index.php\/wp-json\/wp\/v2\/media?parent=207"}],"wp:term":[{"taxonomy":"product_brand","embeddable":true,"href":"https:\/\/kidszone503.com\/index.php\/wp-json\/wp\/v2\/product_brand?post=207"},{"taxonomy":"product_cat","embeddable":true,"href":"https:\/\/kidszone503.com\/index.php\/wp-json\/wp\/v2\/product_cat?post=207"},{"taxonomy":"product_tag","embeddable":true,"href":"https:\/\/kidszone503.com\/index.php\/wp-json\/wp\/v2\/product_tag?post=207"}],"curies":[{"name":"wp","href":"https:\/\/api.w.org\/{rel}","templated":true}]}}